3*p + 5*n - 125, -n = 3*p - 132 + d. Suppose 0*o = 5*o - p. What is the units digit of o?
8
Suppose 3*w + 11 = 2*v, 3*v + 3*w - 9 = 5*w. Let y be -1 + v/(-1 + 2). Suppose -2*a = -3*o + 87, -2*o - 3*o - 5*a + 170 = y. What is the tens digit of o?
3
Let g(q) = q + 1. Let j(h) = -h**2 - 4*h - 2. Let d(c) = 3*g(c) + j(c). Let v(b) = 2*b**2 - 3*b - 2. Let y(z) = 3*d(z) + v(z). What is the units digit of y(-4)?
9
Let i = -2530 - -5523. What is the units digit of i?
3
Let f = -10 + 16. Let m(j) = j**3 - 10*j**2 - 13*j + 4. Let t(a) = a**2 + a - 1. Let s(q) = -m(q) - 5*t(q). What is the units digit of s(f)?
3
Let w = 10 + -3. Suppose -3*t = -w*t + 12. Suppose 0 = -t*f + 92 - 23. What is the units digit of f?
3
Suppose 40*r - 21630 = 67370. What is the tens digit of r?
2
Suppose z - 1406 = -4*i, 700 = -2*i + 4*i + 2*z. What is the units digit of i?
2
Suppose 911*c - 10074 = 905*c. What is the units digit of c?
9
What is the tens digit of 3 + 132140/90 + (-2)/9?
7
Let x be 3/(4*6/16). What is the units digit of 5/((-1)/(x/(-2)))?
5
Let x(s) = s**2 - 5*s + 5. Let j be x(5). Suppose -4*d = -3*q - 361, 13 = -j*q - 2. What is the units digit of d?
8
Let y be (2/(-4))/(3/(-186)). Suppose -49 - y = -5*v. What is the units digit of v?
6
Suppose 6 = 4*o + g - 13, 3*g = 2*o + 1. Let m be (-18)/o*(-160)/24. Suppose -8*u + m = -2*u. What is the units digit of u?
5
Let r = -19 + 19. Suppose -o + 2 = -r*o, 15 = -5*v - 5*o. What is the units digit of 4 + (-5)/v + -1?
4
Let y = 70 + -28. Let o be 3/(1 - 33/y). Suppose 0*p = 2*p - o. What is the units digit of p?
7
Suppose -21*o + 7260 = -22896. What is the thousands digit of o?
1
What is the hundreds digit of (334/10)/(168/15960)?
1
Let i(j) = -j**2 + 17*j - 25. Let m be i(15). Suppose 5*w - 4*a - 133 = -2*a, -2*w - m*a = -30. What is the tens digit of w?
2
Let v(u) = u**3 + 18*u**2 + 19*u + 68. What is the hundreds digit of v(-15)?
4
Suppose 3*i = -b + 511, -2*i - 507 = -5*i - 3*b. What is the units digit of i?
1
Suppose -2*w = 3*b + 227 - 3515, -w + 1645 = b. What is the thousands digit of w?
1
Let x = 23 + -18. Suppose -3*p = -0*p - i - 54, 3*p = x*i + 54. What is the tens digit of p?
1
Let g = 442 + -306. Suppose 0 = q - g - 118. What is the units digit of q?
4
Let u(g) = -g**2 + 9*g - 8. Let b be u(9). Let i be (-4)/2*44/b. Let x = i + -1. What is the tens digit of x?
1
Suppose 0 = 5*i - 5*m + 6 + 4, 4*m - 26 = -5*i. Let n be 5*(-1 + (-14)/(-10)). Suppose l + n*j + i = 0, 2*l - 5*l - j + 14 = 0. What is the units digit of l?
6
Suppose -2*y + i + 3*i = -138, -66 = -y - i. Suppose -3*g = y - 247. What is the tens digit of g?
6
Suppose 12*u - 2*u - 44090 = 0. What is the thousands digit of u?
4
Let c(j) = -j**2 - 4*j + 4. Suppose 9 = 19*b - 16*b. Let d be b*(39/(-9) - -3). What is the units digit of c(d)?
4
Let k(f) = -f**2 - 12*f - 9. Let j be k(-11). Let b(w) = -5 + 0 + 3*w - 2*w**2 - 4*w**j + 1 + 2*w**3. What is the units digit of b(4)?
0
Suppose -5*v + 13 = -2. Suppose -75 = -g - v*m, 0 = 3*g - 7*g - m + 267. What is the tens digit of g?
6
Let l(z) = -127*z - 119. What is the hundreds digit of l(-11)?
2
Suppose 51060 = -18*f + 38*f. What is the thousands digit of f?
2
Let m(p) = 45*p**2 - 5*p + 5. Let y be m(1). What is the hundreds digit of (-6)/y + 4024/30?
1
Suppose y + 2*y - 9 = 0. Suppose 0 = 3*r + 4*v + y, -7*r + 3*r + v = 4. What is the units digit of 1/((-2)/(-90)) - r?
6
Let j(o) be the third derivative of -o**6/120 + o**5/30 - o**4/24 - 3*o**2. Let c be j(1). Suppose 2*w - 12 = -c*w. What is the units digit of w?
6
Let t(k) = -k**3 - k**2 + k + 13. Let d(m) = m**2 - 6*m + 9. Let a be d(3). What is the tens digit of t(a)?
1
Let t(y) = 4*y**2 - 155*y + 156*y + 10 - 5. What is the tens digit of t(-4)?
6
Let z(u) = u**2 - 5*u + 6. Let d be (15/2)/((-2)/4). Let k = -9 - d. What is the units digit of z(k)?
2
Suppose 0 = 4*r + 12, -2*j - 3*r - 7205 = -4*j. What is the units digit of j?
8
Suppose -7 = 5*g + 68. Let i = g - -17. Suppose -i*p - 2*p + 116 = 0. What is the units digit of p?
9
Let j = 2352 + -1409. What is the units digit of j?
3
Let d(h) = 6*h**2 - 8*h - 8. Let i(k) = -6*k**2 + 8*k + 9. Let m(x) = 5*d(x) + 4*i(x). What is the hundreds digit of m(-6)?
2
Let g = -1172 + 1892. What is the units digit of g?
0
Let c(y) = -4*y**2 - 5 - 3*y**2 - 6*y + 8*y**2. Let n be c(7). Suppose n*p = 3*h - 67 - 19, -h = -4*p - 22. What is the units digit of h?
0
Let i(r) = r**3 - r**2 - 2*r. Let b be i(-3). What is the units digit of (-4)/14 + b/(-7)?
4
Suppose 4*b - 3*b - 5*g - 5591 = 0, 0 = -2*g. What is the hundreds digit of b?
5
Let x be (-1)/(((-8)/(-38))/(-4)). Let f = 36 + x. What is the tens digit of 96/10 - (-22)/f?
1
Suppose -56*u + 54*u = -8. Suppose -3*l - 4*c = -274, 0 = -u*l - 2*c + 389 - 17. What is the tens digit of l?
9
Suppose 32*v - 10 = 27*v. Suppose -v*o = -8, -o + 46 = 3*t - 117. What is the tens digit of t?
5
Let r = 89 + -187. What is the units digit of (-4)/(-14) + (-24962)/r?
5
Let j(g) = 3*g**3 + 18*g**2 - g - 74. What is the tens digit of j(7)?
3
Let z(o) = 21*o - 1. Suppose -4*y = -0*y. Let w = 2 + y. What is the units digit of z(w)?
1
Suppose u - 4*u - a = -4968, -2*a = 2*u - 3312. What is the units digit of u?
6
What is the units digit of 22/(-209) + 75932/76?
9
Let b(c) be the first derivative of 33*c**4/4 + c**3/3 + c**2/2 - 2*c + 2. Let r be -3*(-8)/18 - (-6)/(-18). What is the units digit of b(r)?
3
Let h be 1*(-1 - -3) - -82. Let y = 20 + 2. Suppose x - y + 4 = j, -4*x + j = -h. What is the tens digit of x?
2
Suppose 5*n - 2*f - 27 = -2, n - 23 = 4*f. Suppose 0 = -5*c + n*c - 2, -x - 4*c = 1. Suppose 5*a + 0*a = -20, -x*a = -2*s + 24. What is the units digit of s?
6
Let m = -70 + 56. What is the tens digit of 4/m - (-5916)/28?
1
Suppose 0 = -34*w - 8811 + 57023. What is the tens digit of w?
1
Let y be (-3 + 1)*(2 - 7). Suppose -y*a + 370 = -5*a. What is the units digit of a?
4
Suppose 37*q + 20 = 41*q. Suppose 0 = -3*v + q*b + 113, -3*b - 78 = 5*v - 289. What is the units digit of v?
1
Suppose -w = 4*w - 25. Let h(l) = -w*l + 10*l + 7*l - 5 + 3. What is the tens digit of h(1)?
1
Let u(d) = -d**2 + 14*d + 30. Let w be u(18). What is the units digit of (-28)/w*(-198)/(-4)?
3
Let n(y) = -2*y**3 + 2*y**2 - y - 2. Let j be n(2). Let q(s) = -52*s - 298. Let x be q(-6). Let z = x + j. What is the units digit of z?
2
Suppose 0*i - 3*i + 33 = 0. Suppose 2*y - i = 7. What is the units digit of y?
9
Let g(s) = 2*s**2 + s + 6. Suppose -x = -2*q + 22 - 10, 2*q = 5*x + 20. Let k be (-2 + -3)*(q + -4). What is the units digit of g(k)?
1
Let b(h) be the second derivative of 5*h**3 - h**2/2 + 13*h - 2. Suppose 4*x + 0*x - 4 = 0. What is the units digit of b(x)?
9
Let s(y) = y**2 - y. Let b(c) = 2*c - 12. Let v be b(8). Suppose -v*g + 3*m + 12 = 0, 3*g - 3*m - 18 = -2*g. What is the tens digit of s(g)?
3
Suppose 5*n = 10*n - 180. Let w = n + 56. What is the units digit of w?
2
Let i(o) = -o. Let d(j) = -3*j + 23. Let h(y) = d(y) - 2*i(y). What is the tens digit of h(-6)?
2
Suppose 4*n - 108 = -3*z + 1089, -5*n = -z - 1501. What is the tens digit of n - (8/14 - (-325)/(-91))?
0
Let i be 24/14 - 40/(-140). Suppose -v - i*y + 111 = -5*y, 3*y - 12 = 0. What is the tens digit of v?
2
Let p be -18*(5 + 188/(-36)). Suppose -p*f - 364 = -6*f - 4*h, -f + 177 = 3*h. What is the tens digit of f?
9
Let x = -944 - -1423. Suppose 3*d + 3*k - 37 = x, 511 = 3*d - 2*k. What is the units digit of d?
1
Let f(v) = 3*v**2 - 2*v - 4. Let n be f(-2). Let u be n/(-30) + 2/5. Suppose -k - 3 + 6 = u. What is the units digit of k?
3
What is the tens digit of (-1)/(-8) + 13995/40?
5
Let h = -15 + 111. What is the units digit of h?
6
What is the tens digit of 4 + 2/4*1588?
9
Suppose -l + 5 - 4 = 0. Let w be l - ((4 - 3) + -2). Suppose -w*f = -2*g - 24, -f - 48 = -4*f - 3*g. What is the units digit of f?
4
Let a(c) = -9*c**2. Let f(h) = -h**2 + 1. Let r(y) = -a(y) + f(y). Let q = -1 + -1. What is the tens digit of r(q)?
3
Suppose -29*q = -38*q + 1224. What is the tens digit of q?
3
Let k(d) = d**2 + 2*d - 3. Let l be k(-3). Suppose l = -4*w - 0*c - c + 327, 156 = 2*w - 2*c. What is the units digit of w?
1
Suppose 2*p = 5 + 1. Suppose 1794 = 3*i + p*i. What is the hundreds digit of i?
2
Suppose 0 = -11*r - 976 + 4639. What i